composite?
False
Is 1248707 prime?
False
Is 3958527 a composite number?
True
Is 27663041 a composite number?
True
Is 203636155 composite?
True
Is 278437261 a prime number?
True
Is 4159147 a prime number?
True
Is 89919365 composite?
True
Is 113851799 a composite number?
False
Is 38345491 prime?
False
Is 88472873 a prime number?
False
Is 2495501 prime?
True
Is 685996517 a composite number?
False
Is 13117837 prime?
True
Is 1212989 a composite number?
False
Is 9548131 prime?
True
Is 193511413 composite?
False
Is 7474351 a composite number?
True
Is 1121599 a composite number?
False
Is 5565641 prime?
True
Is 12073759 prime?
False
Is 14136883 a prime number?
False
Is 112036877 a composite number?
False
Is 80556757 prime?
False
Is 12273869 prime?
True
Is 31565915 prime?
False
Is 3987677 composite?
False
Is 25459597 composite?
True
Is 224224907 composite?
True
Is 31512553 prime?
False
Is 1661557 composite?
False
Is 614473 prime?
False
Is 1022981 a composite number?
False
Is 10106659 a composite number?
False
Is 27760717 composite?
True
Is 12648313 a prime number?
False
Is 50477489 prime?
False
Is 240537727 a composite number?
False
Is 95703499 a prime number?
True
Is 209728349 prime?
False
Is 5365909 composite?
False
Is 170586907 prime?
True
Is 66978155 prime?
False
Is 12577451 composite?
True
Is 46073407 a composite number?
False
Is 9918977 a composite number?
True
Is 29745487 composite?
True
Is 2253991 prime?
False
Is 1719649 a composite number?
True
Is 520043 a composite number?
False
Is 13865305 prime?
False
Is 11280441 composite?
True
Is 327424241 composite?
False
Is 3502549 composite?
False
Is 16502207 a composite number?
False
Is 100291699 prime?
False
Is 6127079 a prime number?
False
Is 164465219 a prime number?
True
Is 170710031 a composite number?
False
Is 33265729 prime?
False
Is 6522727 prime?
True
Is 19318417 prime?
False
Is 34710157 a composite number?
False
Is 269023 a composite number?
False
Is 8009291 prime?
True
Is 26415577 a prime number?
False
Is 125837401 a prime number?
False
Is 6375517 composite?
False
Is 3294169 a prime number?
True
Is 14325139 composite?
True
Is 316877 composite?
True
Is 11466649 prime?
True
Is 67291 a prime number?
False
Is 2384693 a composite number?
True
Is 137650287 a composite number?
True
Is 1953271 prime?
False
Is 33660089 a prime number?
True
Is 65541199 a composite number?
True
Is 49130293 a prime number?
False
Is 103830091 prime?
True
Is 11429699 a composite number?
False
Is 4219079 composite?
False
Is 292416191 prime?
False
Is 236674817 a composite number?
False
Is 32447903 prime?
True
Is 14928989 composite?
True
Is 251772791 a prime number?
True
Is 179559395 a composite number?
True
Is 29917 a composite number?
False
Is 44146067 prime?
False
Is 96245 prime?
False
Is 1954447 a prime number?
False
Is 11209043 a composite number?
True
Is 2686199 a composite number?
True
Is 6401827 composite?
False
Is 2973043 prime?
True
Is 49569473 composite?
False
Is 30989029 prime?
True
Is 165671959 a prime number?
True
Is 212048791 composite?
False
Is 3449653 a prime number?
True
Is 5695631 a prime number?
False
Is 21833369 a prime number?
True
Is 7307617 prime?
False
Is 4946921 prime?
False
Is 66925117 a composite number?
True
Is 169472621 a composite number?
False
Is 791443799 a composite number?
False
Is 965299 composite?
True
Is 33842543 a prime number?
False
Is 156553933 prime?
False
Is 16446295 composite?
True
Is 1143839 prime?
False
Is 7328077 a prime number?
True
Is 1023596689 prime?
False
Is 2268953 composite?
True
Is 9832943 composite?
True
Is 71658193 a prime number?
False
Is 7350059 a prime number?
True
Is 9124201 composite?
False
Is 65567141 a composite number?
False
Is 14764991 a composite number?
True
Is 585337 composite?
False
Is 116027473 a composite number?
False
Is 5627851 prime?
False
Is 3674029 prime?
True
Is 57405227 prime?
False
Is 87422227 prime?
False
Is 11636831 a prime number?
True
Is 61310311 a composite number?
True
Is 415659863 a composite number?
False
Is 4220629 a prime number?
False
Is 27623881 a composite number?
False
Is 2805311 a composite number?
False
Is 18711919 prime?
True
Is 79172491 a prime number?
False
Is 8064517 a prime number?
True
Is 596232311 a prime number?
True
Is 138514141 composite?
False
Is 3471211 composite?
True
Is 213821 composite?
False
Is 172734769 composite?
True
Is 6085529 a prime number?
False
Is 290996339 a prime number?
True
Is 3606017 composite?
False
Is 26122189 prime?
False
Is 377474095 composite?
True
Is 9139309 a prime number?
True
Is 3595749 prime?
False
Is 9242069 prime?
True
Is 15671791 prime?
True
Is 20177851 prime?
True
Is 915479 prime?
True
Is 563869 prime?
True
Is 44453531 a composite number?
True
Is 209639 prime?
True
Is 8168431 composite?
True
Is 23407417 a prime number?
False
Is 7501579 a composite number?
False
Is 11631101 a composite number?
False
Is 35550943 prime?
False
Is 22654363 a prime number?
False
Is 11272341 a prime number?
False
Is 15461471 prime?
False
Is 3395131 a composite number?
False
Is 98686271 a composite number?
False
Is 32184545 a composite number?
True
Is 3041071 prime?
False
Is 2520169 composite?
False
Is 1933709 a composite number?
False
Is 3930817 composite?
True
Is 150378829 prime?
True
Is 7547927 a prime number?
True
Is 3575951 composite?
True
Is 554495351 prime?
True
Is 8546381 a prime number?
True
Is 144445633 prime?
True
Is 47203417 a composite number?
False
Is 86753927 prime?
False
Is 10285921 a composite number?
False
Is 464877137 a composite number?
False
Is 10608263 prime?
True
Is 347761361 a composite number?
False
Is 196451323 prime?
True
Is 20350369 prime?
False
Is 29810257 a composite number?
False
Is 306379247 a prime number?
True
Is 326136883 a composite number?
False
Is 7580167 a prime number?
False
Is 28933441 a composite number?
True
Is 32973709 prime?
True
Is 9597067 a composite number?
False
Is 7957283 prime?
True
Is 3983869 composite?
False
Is 7512797 a prime number?
True
Is 31009549 composite?
False
Is 327405467 a composite number?
True
Is 95392133 a prime number?
False
Is 309159917 a composite number?
True
Is 26406869 a prime number?
True
Is 186529633 prime?
True
Is 1359619 a prime number?
True
Is 335925613 prime?
True
Is 35482621 composite?
True
Is 188686349 a composite number?
True
Is 239331607 a prime number?
True
Is 1603567 composite?
True
Is 179327 a prime number?
True
Is 10540511 a composite number?
False
Is 270638967 composite?
True
Is 4171997 prime?
False
Is 5096739 a prime number?
False
Is 15100339 a prime number?
False
Is 2251703 prime?
True
Is 1956149 a composite number?
True
Is 16855393 prime?
True
Is 378184229 a composite number?
True
Is 23576489 prime?
True
Is 4360799 a prime number?
False
Is 4013215 composite?
True
Is 497066 a prime number?
False
Is 32879261 composite?
False
Is 1308011 prime?
True
Is 2401013 a composite number?
False
Is 1509127 a composite number?
False
Is 8344199 a prime number?
False
Is 263903 a prime number?
False
Is 2609987 a composite number?
True
Is 14150933 a prime number?
True
Is 56369959 composite?
True
Is 2487227 a prime number?
True
Is 35135263 a prime number?
False
Is 1602059 a prime number?
True
Is 21292655 a composite number?
True
Is 529886189 a prime number?
False
Is 3015059 composite?
False
Is 312181 a composite number?
True
Is 17558003 a prime number?
True
Is 281976269 a prime number?
True
Is 48802547 prime?
True
Is 6369533 a prime number?
False
Is 139504765 a prime number?
False
Is 12079561 prime?
False
Is 1688459 composite?
True
Is 4825621 a composite number?
False
Is 829001 a composite number?
False
Is 1489861 prime?
False
Is 575842 composite?
True
Is 409765 a composite number?
True
Is 81199981 prime?
True
Is 171668243 prime?
True
Is 10918843 composite?
True
Is 494728651 prime?
True
Is 99921169 composite?
False
Is 1963153 composite?
False
Is 3349597 composite?
False
Is 1187177 prime?
False
Is 889379 composite?
True
Is 101159219 prime?
False
Is 8585755 a composite number?
True
Is 204335 prime?
False
Is 5443511 a prime number?
True
Is 7189751 a prime number?
True
Is 753497 a composite number?
False
Is 8319481 composite?
False
Is 10628547 a composite number?
True
Is 1763897 a composite number?
False
Is 4484483 a prime number?
True
Is 8711